{"id":707,"date":"2017-04-05T20:08:50","date_gmt":"2017-04-05T17:08:50","guid":{"rendered":"http:\/\/portals.e-learnmedia.sk\/blog\/?page_id=707"},"modified":"2019-05-07T21:01:38","modified_gmt":"2019-05-07T19:01:38","slug":"informacie-o-digitalnom-vzdelavani","status":"publish","type":"page","link":"https:\/\/www.e-learnmedia.sk\/blog\/","title":{"rendered":"e-learnmedia blog"},"content":{"rendered":"<p>[vc_row full_width=&#8221;stretch_row_content_no_spaces&#8221;][vc_column]\r\n            <script type=\"text\/javascript\">\r\n            jQuery(document).ready(function ($) {\r\n\r\n                                                    if( $.isFunction( $.fn.slick ) ) {\r\n                                                $('.blog-slider-APzXVJyi7G .blog-slider-list').slick({\r\n                        \r\n                            autoplay: true,\r\n                            autoplaySpeed: 5000,\r\n\r\n                            dots: true,\r\n                            arrows: true,\r\n                            swipe:  false,\r\n                            swipeToSlide: true,\r\n                            cssEase: 'cubic-bezier(0.445, 0.05, 0.55, 0.95)',\r\n                            appendDots: $('.blog-slider-APzXVJyi7G .blog-slider-dots'),\r\n                            fade: false,\r\n                            speed: 500,\r\n                            slidesToScroll: 1,\r\n\r\n                                                            slidesToShow: 1,\r\n                                prevArrow: '<div class=\"slick-prev\"><\/div>',\r\n                                nextArrow: '<div class=\"slick-next\"><\/div>',\r\n                            \r\n                            \r\n                                                    });\r\n                    }\r\n                \r\n\r\n                                \r\n                    $('.blog-slider-APzXVJyi7G .blog-slider-list').on('setPosition', function(event, slick, currentSlide, nextSlide){\r\n                        var slider_info_prev = $('.blog-slider .blog-slider-item.slick-active').prev();\r\n                        var slider_info_next = $('.blog-slider .blog-slider-item.slick-active').next();\r\n                        $('.blog-slider-APzXVJyi7G .blog-slider-list .slick-prev').html( '<i class=\"icon icon-arrow-left-circle\"><\/i><p class=\"sh-heading-font\">' + slider_info_prev.find('.post-categories').html() + '<\/p><h5>' + slider_info_prev.find('h2').html() + '<\/h5>' ).fadeIn('slow');\r\n                        $('.blog-slider-APzXVJyi7G .blog-slider-list .slick-next').html( '<i class=\"icon icon-arrow-right-circle\"><\/i><p class=\"sh-heading-font\">' + slider_info_next.find('.post-categories').html() + '<\/p><h5>' + slider_info_next.find('h2').html() + '<\/h5>' ).fadeIn('slow');\r\n                    });\r\n\r\n                \r\n            });\r\n            <\/script>\r\n\r\n\r\n            \r\n                <div class=\"blog-slider blog-slider-style1 blog-slider-APzXVJyi7G\" style=\"position: relative;\">\r\n                    <div class=\"blog-slider-list\">\r\n                        \r\n                                <div class=\"blog-slider-item\" style=\"background-image: url( https:\/\/www.e-learnmedia.sk\/blog\/wp-content\/uploads\/2023\/12\/elm_blog_ked_toho_viete_prilis_vela.jpg );\">\r\n                                    <div class=\"blog-slider-container\">\r\n                                        <div class=\"blog-slider-content\">\r\n\r\n                                            <div class=\"blog-slider-content-icon\">\r\n                                                <i class=\"icon icon-pencil\"><\/i>\r\n                                            <\/div>\r\n                                            <div class=\"blog-slider-content-details\">\r\n                                                <div class=\"post-categories-container\"><div class=\"post-categories\"><a href=\"https:\/\/www.e-learnmedia.sk\/blog\/category\/vzdelavanie\/\">Vzdel\u00e1vanie<\/a><\/div><\/div>                                                <a href=\"https:\/\/www.e-learnmedia.sk\/blog\/ked-toho-viete-prilis-vela\/\">\r\n                                                    <h2 class=\"post-title\">Ke\u010f toho viete pr\u00edli\u0161 ve\u013ea\u2026<\/h2>\r\n                                                <\/a>\r\n                                                <div class=\"post-meta\">\r\n                                                                                                            \r\n    <div class=\"post-meta-content\">\r\n                    <span class=\"post-auhor-date post-auhor-date-full\">\r\n                                    <a href=\"https:\/\/www.e-learnmedia.sk\/blog\/author\/eurbanova\/\">\r\n                        <img decoding=\"async\" src=\"https:\/\/www.e-learnmedia.sk\/blog\/wp-content\/uploads\/ultimatemember\/4\/profile_photo-40.jpg?1776310393\" class=\"gravatar avatar avatar-28 um-avatar um-avatar-uploaded\" width=\"28\" height=\"28\" alt=\"Elena Urbanov\u00e1\" data-default=\"https:\/\/www.e-learnmedia.sk\/blog\/wp-content\/plugins\/ultimate-member\/assets\/img\/default_avatar.jpg\" onerror=\"if ( ! this.getAttribute('data-load-error') ){ this.setAttribute('data-load-error', '1');this.setAttribute('src', this.getAttribute('data-default'));}\" loading=\"lazy\" \/>                    <\/a>\r\n                                <span>\r\n                <a href=\"https:\/\/www.e-learnmedia.sk\/blog\/author\/eurbanova\/\" class=\"post-author\">Elena Urbanov\u00e1<\/a><\/span>,\r\n                                    <a href=\"https:\/\/www.e-learnmedia.sk\/blog\/ked-toho-viete-prilis-vela\/\" class=\"post-date\">\r\n                                                                            2 roky                                              <\/a>\r\n                            <\/span>\r\n        \r\n                \r\n                \r\n                            <a href=\"https:\/\/www.e-learnmedia.sk\/blog\/ked-toho-viete-prilis-vela\/#comments\" class=\"post-comments\">\r\n                <i class=\"icon icon-bubble\"><\/i>\r\n                0            <\/a>\r\n        \r\n                            <span class=\"post-readtime\">\r\n                <i class=\"icon icon-clock\"><\/i>\r\n                3 min <span>\u010d\u00edtania<\/span>            <\/span>\r\n        \r\n                \r\n                            <span class=\"placeholder-post-read-later\"><\/span>\r\n            <\/div>\r\n\r\n                                                                                                    <\/div>\r\n                                            <\/div>\r\n\r\n                                        <\/div>\r\n                                    <\/div>\r\n                                <\/div>\r\n\r\n                            \r\n                                <div class=\"blog-slider-item\" style=\"background-image: url( https:\/\/www.e-learnmedia.sk\/blog\/wp-content\/uploads\/2023\/12\/cesta_k_strategickemu_vzdelavaniu.jpg );\">\r\n                                    <div class=\"blog-slider-container\">\r\n                                        <div class=\"blog-slider-content\">\r\n\r\n                                            <div class=\"blog-slider-content-icon\">\r\n                                                <i class=\"icon icon-pencil\"><\/i>\r\n                                            <\/div>\r\n                                            <div class=\"blog-slider-content-details\">\r\n                                                <div class=\"post-categories-container\"><div class=\"post-categories\"><a href=\"https:\/\/www.e-learnmedia.sk\/blog\/category\/e-learnmedia\/\">e-learnmedia<\/a>, <a href=\"https:\/\/www.e-learnmedia.sk\/blog\/category\/vzdelavanie\/\">Vzdel\u00e1vanie<\/a><\/div><\/div>                                                <a href=\"https:\/\/www.e-learnmedia.sk\/blog\/cesta-k-strategickemu-vzdelavaniu-e-learnmedia-cafe-2023\/\">\r\n                                                    <h2 class=\"post-title\">Cesta k strategick\u00e9mu vzdel\u00e1vaniu &#8211; e-learnmedia CAF\u00c9 2023<\/h2>\r\n                                                <\/a>\r\n                                                <div class=\"post-meta\">\r\n                                                                                                            \r\n    <div class=\"post-meta-content\">\r\n                    <span class=\"post-auhor-date post-auhor-date-full\">\r\n                                    <a href=\"https:\/\/www.e-learnmedia.sk\/blog\/author\/eurbanova\/\">\r\n                        <img decoding=\"async\" src=\"https:\/\/www.e-learnmedia.sk\/blog\/wp-content\/uploads\/ultimatemember\/4\/profile_photo-40.jpg?1776310393\" class=\"gravatar avatar avatar-28 um-avatar um-avatar-uploaded\" width=\"28\" height=\"28\" alt=\"Elena Urbanov\u00e1\" data-default=\"https:\/\/www.e-learnmedia.sk\/blog\/wp-content\/plugins\/ultimate-member\/assets\/img\/default_avatar.jpg\" onerror=\"if ( ! this.getAttribute('data-load-error') ){ this.setAttribute('data-load-error', '1');this.setAttribute('src', this.getAttribute('data-default'));}\" loading=\"lazy\" \/>                    <\/a>\r\n                                <span>\r\n                <a href=\"https:\/\/www.e-learnmedia.sk\/blog\/author\/eurbanova\/\" class=\"post-author\">Elena Urbanov\u00e1<\/a><\/span>,\r\n                                    <a href=\"https:\/\/www.e-learnmedia.sk\/blog\/cesta-k-strategickemu-vzdelavaniu-e-learnmedia-cafe-2023\/\" class=\"post-date\">\r\n                                                                            2 roky                                              <\/a>\r\n                            <\/span>\r\n        \r\n                \r\n                \r\n                            <a href=\"https:\/\/www.e-learnmedia.sk\/blog\/cesta-k-strategickemu-vzdelavaniu-e-learnmedia-cafe-2023\/#comments\" class=\"post-comments\">\r\n                <i class=\"icon icon-bubble\"><\/i>\r\n                0            <\/a>\r\n        \r\n                            <span class=\"post-readtime\">\r\n                <i class=\"icon icon-clock\"><\/i>\r\n                8 min <span>\u010d\u00edtania<\/span>            <\/span>\r\n        \r\n                \r\n                            <span class=\"placeholder-post-read-later\"><\/span>\r\n            <\/div>\r\n\r\n                                                                                                    <\/div>\r\n                                            <\/div>\r\n\r\n                                        <\/div>\r\n                                    <\/div>\r\n                                <\/div>\r\n\r\n                            \r\n                                <div class=\"blog-slider-item\" style=\"background-image: url( https:\/\/www.e-learnmedia.sk\/blog\/wp-content\/uploads\/2023\/08\/ako_vymyslet_zaujimavy_e-learning.jpg );\">\r\n                                    <div class=\"blog-slider-container\">\r\n                                        <div class=\"blog-slider-content\">\r\n\r\n                                            <div class=\"blog-slider-content-icon\">\r\n                                                <i class=\"icon icon-pencil\"><\/i>\r\n                                            <\/div>\r\n                                            <div class=\"blog-slider-content-details\">\r\n                                                <div class=\"post-categories-container\"><div class=\"post-categories\"><a href=\"https:\/\/www.e-learnmedia.sk\/blog\/category\/tvorba-online-kurzov\/\">Tvorba online kurzov<\/a><\/div><\/div>                                                <a href=\"https:\/\/www.e-learnmedia.sk\/blog\/ako-vymysliet-zaujimavy-e-learning\/\">\r\n                                                    <h2 class=\"post-title\">Ako vymyslie\u0165 zauj\u00edmav\u00fd e-learning?<\/h2>\r\n                                                <\/a>\r\n                                                <div class=\"post-meta\">\r\n                                                                                                            \r\n    <div class=\"post-meta-content\">\r\n                    <span class=\"post-auhor-date post-auhor-date-full\">\r\n                                    <a href=\"https:\/\/www.e-learnmedia.sk\/blog\/author\/eurbanova\/\">\r\n                        <img decoding=\"async\" src=\"https:\/\/www.e-learnmedia.sk\/blog\/wp-content\/uploads\/ultimatemember\/4\/profile_photo-40.jpg?1776310393\" class=\"gravatar avatar avatar-28 um-avatar um-avatar-uploaded\" width=\"28\" height=\"28\" alt=\"Elena Urbanov\u00e1\" data-default=\"https:\/\/www.e-learnmedia.sk\/blog\/wp-content\/plugins\/ultimate-member\/assets\/img\/default_avatar.jpg\" onerror=\"if ( ! this.getAttribute('data-load-error') ){ this.setAttribute('data-load-error', '1');this.setAttribute('src', this.getAttribute('data-default'));}\" loading=\"lazy\" \/>                    <\/a>\r\n                                <span>\r\n                <a href=\"https:\/\/www.e-learnmedia.sk\/blog\/author\/eurbanova\/\" class=\"post-author\">Elena Urbanov\u00e1<\/a><\/span>,\r\n                                    <a href=\"https:\/\/www.e-learnmedia.sk\/blog\/ako-vymysliet-zaujimavy-e-learning\/\" class=\"post-date\">\r\n                                                                            3 roky                                              <\/a>\r\n                            <\/span>\r\n        \r\n                \r\n                \r\n                            <a href=\"https:\/\/www.e-learnmedia.sk\/blog\/ako-vymysliet-zaujimavy-e-learning\/#comments\" class=\"post-comments\">\r\n                <i class=\"icon icon-bubble\"><\/i>\r\n                0            <\/a>\r\n        \r\n                            <span class=\"post-readtime\">\r\n                <i class=\"icon icon-clock\"><\/i>\r\n                5 min <span>\u010d\u00edtania<\/span>            <\/span>\r\n        \r\n                \r\n                            <span class=\"placeholder-post-read-later\"><\/span>\r\n            <\/div>\r\n\r\n                                                                                                    <\/div>\r\n                                            <\/div>\r\n\r\n                                        <\/div>\r\n                                    <\/div>\r\n                                <\/div>\r\n\r\n                                                <\/div>\r\n                    <div class=\"blog-slider-dots\"><\/div>\r\n                <\/div>\r\n\r\n\r\n            [\/vc_column][\/vc_row]<\/p>\n","protected":false},"excerpt":{"rendered":"<p>[vc_row full_width=&#8221;stretch_row_content_no_spaces&#8221;][vc_column][\/vc_column][\/vc_row]<\/p>\n","protected":false},"author":2,"featured_media":0,"parent":0,"menu_order":0,"comment_status":"closed","ping_status":"closed","template":"page-blog.php","meta":{"footnotes":""},"class_list":["post-707","page","type-page","status-publish","hentry"],"yoast_head":"<!-- This site is optimized with the Yoast SEO plugin v24.6 - https:\/\/yoast.com\/wordpress\/plugins\/seo\/ -->\n<title>e-learnmedia blog | e-learnmedia BLOG<\/title>\n<meta name=\"description\" content=\"Blog o aktu\u00e1lnych trendoch v oblasti e-learningu a digit\u00e1lneho vzdel\u00e1vania. Sledujte n\u00e1s a my v\u00e1m pom\u00f4\u017eeme objavi\u0165 najnov\u0161ie postupy, rady a inform\u00e1cie.\" \/>\n<meta name=\"robots\" content=\"index, follow, max-snippet:-1, max-image-preview:large, max-video-preview:-1\" \/>\n<link rel=\"canonical\" href=\"https:\/\/www.e-learnmedia.sk\/blog\/\" \/>\n<meta property=\"og:locale\" content=\"sk_SK\" \/>\n<meta property=\"og:type\" content=\"article\" \/>\n<meta property=\"og:title\" content=\"e-learnmedia blog | e-learnmedia BLOG\" \/>\n<meta property=\"og:description\" content=\"Blog o aktu\u00e1lnych trendoch v oblasti e-learningu a digit\u00e1lneho vzdel\u00e1vania. Sledujte n\u00e1s a my v\u00e1m pom\u00f4\u017eeme objavi\u0165 najnov\u0161ie postupy, rady a inform\u00e1cie.\" \/>\n<meta property=\"og:url\" content=\"https:\/\/www.e-learnmedia.sk\/blog\/\" \/>\n<meta property=\"og:site_name\" content=\"e-learnmedia BLOG\" \/>\n<meta property=\"article:publisher\" content=\"https:\/\/www.facebook.com\/elearnmedia\" \/>\n<meta property=\"article:modified_time\" content=\"2019-05-07T19:01:38+00:00\" \/>\n<meta name=\"twitter:card\" content=\"summary_large_image\" \/>\n<meta name=\"twitter:site\" content=\"@elearnmedia\" \/>\n<script type=\"application\/ld+json\" class=\"yoast-schema-graph\">{\"@context\":\"https:\/\/schema.org\",\"@graph\":[{\"@type\":\"WebPage\",\"@id\":\"https:\/\/www.e-learnmedia.sk\/blog\/\",\"url\":\"https:\/\/www.e-learnmedia.sk\/blog\/\",\"name\":\"e-learnmedia blog | e-learnmedia BLOG\",\"isPartOf\":{\"@id\":\"https:\/\/www.e-learnmedia.sk\/blog\/#website\"},\"datePublished\":\"2017-04-05T17:08:50+00:00\",\"dateModified\":\"2019-05-07T19:01:38+00:00\",\"description\":\"Blog o aktu\u00e1lnych trendoch v oblasti e-learningu a digit\u00e1lneho vzdel\u00e1vania. Sledujte n\u00e1s a my v\u00e1m pom\u00f4\u017eeme objavi\u0165 najnov\u0161ie postupy, rady a inform\u00e1cie.\",\"breadcrumb\":{\"@id\":\"https:\/\/www.e-learnmedia.sk\/blog\/#breadcrumb\"},\"inLanguage\":\"sk-SK\",\"potentialAction\":[{\"@type\":\"ReadAction\",\"target\":[\"https:\/\/www.e-learnmedia.sk\/blog\/\"]}]},{\"@type\":\"BreadcrumbList\",\"@id\":\"https:\/\/www.e-learnmedia.sk\/blog\/#breadcrumb\",\"itemListElement\":[{\"@type\":\"ListItem\",\"position\":1,\"name\":\"Home\",\"item\":\"https:\/\/www.e-learnmedia.sk\/blog\/\"},{\"@type\":\"ListItem\",\"position\":2,\"name\":\"e-learnmedia blog\"}]},{\"@type\":\"WebSite\",\"@id\":\"https:\/\/www.e-learnmedia.sk\/blog\/#website\",\"url\":\"https:\/\/www.e-learnmedia.sk\/blog\/\",\"name\":\"e-learnmedia BLOG\",\"description\":\"\",\"potentialAction\":[{\"@type\":\"SearchAction\",\"target\":{\"@type\":\"EntryPoint\",\"urlTemplate\":\"https:\/\/www.e-learnmedia.sk\/blog\/?s={search_term_string}\"},\"query-input\":{\"@type\":\"PropertyValueSpecification\",\"valueRequired\":true,\"valueName\":\"search_term_string\"}}],\"inLanguage\":\"sk-SK\"}]}<\/script>\n<!-- \/ Yoast SEO plugin. -->","yoast_head_json":{"title":"e-learnmedia blog | e-learnmedia BLOG","description":"Blog o aktu\u00e1lnych trendoch v oblasti e-learningu a digit\u00e1lneho vzdel\u00e1vania. Sledujte n\u00e1s a my v\u00e1m pom\u00f4\u017eeme objavi\u0165 najnov\u0161ie postupy, rady a inform\u00e1cie.","robots":{"index":"index","follow":"follow","max-snippet":"max-snippet:-1","max-image-preview":"max-image-preview:large","max-video-preview":"max-video-preview:-1"},"canonical":"https:\/\/www.e-learnmedia.sk\/blog\/","og_locale":"sk_SK","og_type":"article","og_title":"e-learnmedia blog | e-learnmedia BLOG","og_description":"Blog o aktu\u00e1lnych trendoch v oblasti e-learningu a digit\u00e1lneho vzdel\u00e1vania. Sledujte n\u00e1s a my v\u00e1m pom\u00f4\u017eeme objavi\u0165 najnov\u0161ie postupy, rady a inform\u00e1cie.","og_url":"https:\/\/www.e-learnmedia.sk\/blog\/","og_site_name":"e-learnmedia BLOG","article_publisher":"https:\/\/www.facebook.com\/elearnmedia","article_modified_time":"2019-05-07T19:01:38+00:00","twitter_card":"summary_large_image","twitter_site":"@elearnmedia","schema":{"@context":"https:\/\/schema.org","@graph":[{"@type":"WebPage","@id":"https:\/\/www.e-learnmedia.sk\/blog\/","url":"https:\/\/www.e-learnmedia.sk\/blog\/","name":"e-learnmedia blog | e-learnmedia BLOG","isPartOf":{"@id":"https:\/\/www.e-learnmedia.sk\/blog\/#website"},"datePublished":"2017-04-05T17:08:50+00:00","dateModified":"2019-05-07T19:01:38+00:00","description":"Blog o aktu\u00e1lnych trendoch v oblasti e-learningu a digit\u00e1lneho vzdel\u00e1vania. Sledujte n\u00e1s a my v\u00e1m pom\u00f4\u017eeme objavi\u0165 najnov\u0161ie postupy, rady a inform\u00e1cie.","breadcrumb":{"@id":"https:\/\/www.e-learnmedia.sk\/blog\/#breadcrumb"},"inLanguage":"sk-SK","potentialAction":[{"@type":"ReadAction","target":["https:\/\/www.e-learnmedia.sk\/blog\/"]}]},{"@type":"BreadcrumbList","@id":"https:\/\/www.e-learnmedia.sk\/blog\/#breadcrumb","itemListElement":[{"@type":"ListItem","position":1,"name":"Home","item":"https:\/\/www.e-learnmedia.sk\/blog\/"},{"@type":"ListItem","position":2,"name":"e-learnmedia blog"}]},{"@type":"WebSite","@id":"https:\/\/www.e-learnmedia.sk\/blog\/#website","url":"https:\/\/www.e-learnmedia.sk\/blog\/","name":"e-learnmedia BLOG","description":"","potentialAction":[{"@type":"SearchAction","target":{"@type":"EntryPoint","urlTemplate":"https:\/\/www.e-learnmedia.sk\/blog\/?s={search_term_string}"},"query-input":{"@type":"PropertyValueSpecification","valueRequired":true,"valueName":"search_term_string"}}],"inLanguage":"sk-SK"}]}},"_links":{"self":[{"href":"https:\/\/www.e-learnmedia.sk\/blog\/wp-json\/wp\/v2\/pages\/707","targetHints":{"allow":["GET"]}}],"collection":[{"href":"https:\/\/www.e-learnmedia.sk\/blog\/wp-json\/wp\/v2\/pages"}],"about":[{"href":"https:\/\/www.e-learnmedia.sk\/blog\/wp-json\/wp\/v2\/types\/page"}],"author":[{"embeddable":true,"href":"https:\/\/www.e-learnmedia.sk\/blog\/wp-json\/wp\/v2\/users\/2"}],"replies":[{"embeddable":true,"href":"https:\/\/www.e-learnmedia.sk\/blog\/wp-json\/wp\/v2\/comments?post=707"}],"version-history":[{"count":6,"href":"https:\/\/www.e-learnmedia.sk\/blog\/wp-json\/wp\/v2\/pages\/707\/revisions"}],"predecessor-version":[{"id":838,"href":"https:\/\/www.e-learnmedia.sk\/blog\/wp-json\/wp\/v2\/pages\/707\/revisions\/838"}],"wp:attachment":[{"href":"https:\/\/www.e-learnmedia.sk\/blog\/wp-json\/wp\/v2\/media?parent=707"}],"curies":[{"name":"wp","href":"https:\/\/api.w.org\/{rel}","templated":true}]}}